). Calculate the greatest common divisor of 103 and d.
103
Let p(b) = 37*b - 193. Let i be p(12). Let n = i + -235. Calculate the greatest common factor of n and 136.
8
Let a(u) be the second derivative of 11*u**3/2 + 207*u**2/2 + 192*u. Let z be a(-6). Calculate the highest common factor of z and 144.
9
Let u(q) = -385*q - 360. Let w be u(-1). What is the greatest common factor of 3 and w?
1
Let n = 561 - 381. Let l = n + -136. Calculate the greatest common divisor of l and 99.
11
Suppose -16*f + 13395 = 79*f. Calculate the highest common divisor of f and 6157.
47
Let p(b) = -2*b - 2. Let g be p(-2). Suppose 88 = -0*c + g*c + l, -5*c + 2*l = -229. Suppose 3*y = -2*y + c. What is the greatest common factor of 9 and y?
9
Suppose -688*a = -721*a + 55242. What is the greatest common factor of 198 and a?
18
Suppose 0 = -3013*y + 3004*y + 93024. What is the greatest common divisor of 17 and y?
17
Let f(h) = h**2 + 8*h + 5. Let c be f(-4). Let t be 0/(2 + -1) - (-185 - c). What is the greatest common factor of 116 and t?
58
Suppose 0 = f - 5*a - 2561, 19*a = 14*a - 5. What is the highest common divisor of f and 6?
6
Let u = -343 - -345. Suppose -c = r - 17, 0 = -32*r + 28*r + u*c + 98. What is the highest common divisor of 187 and r?
11
Let c be ((-72)/(-126))/(2/7). Suppose -w = 4*i - 714, 3*i + 2097 = c*w + w. Calculate the highest common factor of w and 78.
78
Let q = 1057 - 95. Calculate the highest common factor of 148 and q.
74
Let a be 11 + (-8)/(-20)*10. Let u = 39 + a. Suppose 0 = 4*r + 2*v - 424, 5*r + 2*v - 30 = 502. Calculate the highest common factor of r and u.
54
Let g = -4930 - -5875. What is the highest common divisor of 108 and g?
27
Let m(q) = 305*q**2 + 2428*q + 8. Let d be m(-8). What is the highest common divisor of 2808 and d?
104
Let h = -38798 - -40703. What is the greatest common factor of h and 5?
5
Suppose 27*u - 32*u - 5*v = -30, 4*v = -3*u + 23. What is the greatest common divisor of 32 and u?
1
Let t be (1/2)/(9 + 4365/(-486)). Let j be 25/((4/18)/(12/t)). Let i = 399 - 274. What is the highest common factor of i and j?
25
Let w = 100 + -40. Suppose 30*c = 1207 - 545 + 688. What is the greatest common divisor of c and w?
15
Suppose x + 7*x = 24. Suppose -u + s = -5*u + 41, 0 = s - 5. What is the greatest common factor of u and x?
3
Let a be 348/84 - ((-26)/14 + 2). Suppose -a*n + 5*n = 4*p - 48, 3*p - n - 35 = 0. Calculate the greatest common factor of 104 and p.
13
Let f be (-64)/(-12) - ((-6)/9 - 0). Suppose -5*z - 3*a = -10*z, 0 = 2*z + 5*a - 31. Suppose z*d = d + f. Calculate the greatest common factor of 2 and d.
1
Let t be (-172)/43 + (0 - 20/(-1)). Let l be (2 + t/(-4))/2*-13. What is the highest common divisor of l and 481?
13
Suppose l = -3*l. Let j(p) be the first derivative of p**3/3 - 3*p**2/2 + 32*p - 52. Let a be j(l). Calculate the highest common factor of a and 128.
32
Let q(t) = -t**3 + 16*t**2 + 31*t - 696. Let c be q(12). Suppose -2*g - g = -108. Calculate the greatest common factor of c and g.
36
Let s be 1913 + -1909 + ((-56)/10)/(1/(-20)). What is the greatest common divisor of 8 and s?
4
Let v be (4/10)/((-10)/(-200)). Let o be 159 + 6/(-2) + v. What is the greatest common divisor of o and 410?
82
Let r = -19 - -24. Suppose r*c - 3*o - 45 - 62 = 0, -c + 5*o = -17. Calculate the highest common divisor of 121 and c.
11
Suppose 2*d + 3*d = 25. Let c be (-5)/3*(1 - 4). Suppose 2*b + 277 = c*b - d*t, 2*t = -b + 74. Calculate the greatest common divisor of 21 and b.
21
Let i = -15355 + 15861. What is the greatest common factor of 1426 and i?
46
Let l be (7 - 7432/6)*132/(-10). Calculate the greatest common divisor of 22 and l.
22
Let k = -677 + 695. Let p be (-128)/18 - -7 - (-650)/k. What is the greatest common divisor of p and 54?
18
Let r = 30663 - 30653. Let w(t) = -t - 4. Let o be w(-8). Suppose 0 = 2*h - 4*v - 196, -o*v + 18 = -3*h + 304. What is the greatest common divisor of h and r?
10
Let k = 2742 + -1857. What is the highest common divisor of 60 and k?
15
Let s be -5*(18/(-30) - 5). Suppose -4*u + 48 = -4*f, 2*u - f - 68 = -3*u. Let w = s - u. What is the highest common factor of 56 and w?
14
Suppose 9*z + z = 4*z. Let n be (-3)/1 + (-1 - (-2 - z)). Let q be (1/(0 + n/(-6)))/1. What is the highest common factor of q and 12?
3
Let b = -667 - -680. Calculate the greatest common factor of 611 and b.
13
Suppose 2*a + 203*n = 202*n + 819, 0 = a + 2*n - 408. What is the highest common factor of 110 and a?
10
Suppose -m = -c - 16 + 11, c - 4 = 0. What is the greatest common divisor of 1773 and m?
9
Let v = -74 - -109. Let n = 1 - 333. Let k = -327 - n. Calculate the highest common factor of v and k.
5
Suppose -16 = 4*f, 4*t + 3247*f - 3246*f = 78528. What is the greatest common factor of t and 29?
29
Let v be (-16212)/(-120) + (3/75)/((-16)/40). What is the highest common factor of 1944 and v?
27
Let s(x) = -x**2 + 7*x - 10. Let y be s(2). Suppose -10*k + y*k = 0. Suppose k = -8*t + 4*t + 640. What is the greatest common factor of 10 and t?
10
Let h(w) = 54*w**2 + 2*w. Let b be h(2). Let z be (-1)/(11/(-143)) + (-54)/(-2). What is the highest common factor of z and b?
20
Let f be ((264/(-56))/11)/((-5)/805). Calculate the greatest common divisor of f and 989.
23
Suppose 4*n + 6592 = -3*w + 1816, -4*n = 0. Let x be w/(-5) - ((-70)/(-25))/7. Calculate the greatest common divisor of x and 6.
6
Let f(d) = -37*d - 94. Let o be f(-6). What is the highest common divisor of 112 and o?
16
Suppose 2125 + 1827 = 13*h - 26. Calculate the greatest common divisor of h and 18.
18
Let z be (-10608)/26*(4 - 5). What is the greatest common divisor of 357 and z?
51
Let p = -4341 + 4677. What is the greatest common factor of 2100 and p?
84
Let d be (306/(-6))/(-5 + 4). Suppose 0 = -10*b + 9*b + 170. Calculate the greatest common factor of d and b.
17
Suppose -o + 17*m + 107 = 12*m, 0 = -2*o - 5*m + 349. What is the greatest common divisor of o and 3059?
19
Suppose 0 = -5*s + 3*f + 2865 + 3157, 4*s - 10*f = 4772. What is the greatest common divisor of 40 and s?
8
Suppose 0 = 43*w - 4092 - 638. Calculate the highest common factor of 880 and w.
110
Let o(l) = 4*l + 1. Let k be o(3). Let a = k - 5. Let t be 900/125*10/3. Calculate the greatest common factor of a and t.
8
Suppose -25*j + 27*j - 10*j + 5248 = 0. Calculate the highest common divisor of 902 and j.
82
Suppose -458 = -3*w - 17*l + 16*l, 3*w - l = 460. What is the highest common divisor of 85 and w?
17
Let j be ((-6)/33 - (-91)/77) + 3. Let m be (-12)/48 - (-45)/j. What is the greatest common factor of m and 1?
1
Let h be 1*92*(-2 + (-50)/(-20)). Suppose 11*g = -2 + h. What is the highest common divisor of g and 16?
4
Suppose -3*d + 23*q + 1230 = 18*q, 0 = -2*d - 5*q + 845. What is the highest common divisor of d and 664?
83
Suppose 5600 = 83*d - 51*d. Suppose -8*p - 80 = -l - 3*p, -5*l + 504 = p. Calculate the highest common factor of l and d.
25
Let w(k) = k + 1. Let s be w(2). Suppose 430*o = 404*o + 702. Suppose s = -24*q + o*q. Calculate the greatest common divisor of 1 and q.
1
Let o(s) = s**3 - 6*s**2 - 22*s - 9. Let p be o(9). Suppose -5*f - 5*j + 1155 = 0, -4*f - 3*j = -j - 918. What is the highest common factor of f and p?
12
Suppose -1662 = -2*y - 3*n, 4*y - 5*n - 924 - 2444 = 0. Let t = -263 + y. Calculate the greatest common divisor of 14 and t.
14
Let d be (-7598)/(-203) - 6/14. What is the highest common factor of 2 and d?
1
Let t(i) = i**2 + 2. Let s be t(-4). Suppose 0 = -3*d + 2*a + 3962, 0 = 1841*d - 1845*d + 3*a + 5286. Calculate the greatest common divisor of s and d.
18
Let b(n) = n**3 + 26*n**2 + 82*n + 24. Let r be b(-4). What is the highest common factor of r and 78?
6
Let p(c) = 521*c - 42. Let g be p(-1). Let f = g + 618. Let w be 37/7 - 4/14. What is the highest common divisor of w and f?
5
Suppose 0 = 2022*p - 2009*p - 13260. Calculate the greatest common divisor of 425 and p.
85
Let f = 34214 - 30358. What is the greatest common factor of f and 64?
16
Let m(u) = -12*u**2 + 22 + 11231*u**3 - 11230*u**3 + 2*u - 3*u. Let x be m(12). Calculate the greatest common factor of 40 and x.
10
Suppose 0 = 29*b + 1132 - 5598. Calculate the highest common divisor of 21 and b.
7
Let w(s) = -2*s**2 + 37*s - 6. Let i be w(18). Suppose -5*d - 12